vert -12 (base 6) to base 15.
-8
1 (base 10) to base 2
1
What is -3013 (base 4) in base 15?
-d4
Convert 2 (base 6) to base 11.
2
61 (base 14) to base 9
104
What is 7 (base 10) in base 4?
13
What is -1010 (base 2) in base 9?
-11
-8 (base 11) to base 16
-8
0 (base 16) to base 7
0
-21 (base 6) to base 3
-111
Convert 12 (base 14) to base 5.
31
Convert -3 (base 7) to base 6.
-3
What is -2f (base 16) in base 9?
-52
-3 (base 7) to base 3
-10
Convert 102 (base 4) to base 15.
13
What is -1 (base 6) in base 3?
-1
341 (base 6) to base 9
157
Convert -3 (base 11) to base 3.
-10
Convert -4 (base 14) to base 12.
-4
-4 (base 14) to base 5
-4
What is 5 (base 6) in base 8?
5
100111 (base 2) to base 10
39
233 (base 5) to base 14
4c
Convert -14 (base 9) to base 16.
-d
Convert 200 (base 5) to base 10.
50
What is 2 (base 7) in base 4?
2
4 (base 15) to base 14
4
-6c (base 16) to base 14
-7a
What is 2 (base 15) in base 6?
2
Convert -6 (base 16) to base 5.
-11
What is 54 (base 7) in base 10?
39
What is -23 (base 5) in base 14?
-d
Convert -12 (base 7) to base 2.
-1001
4 (base 8) to base 2
100
What is 15 (base 9) in base 5?
24
123 (base 4) to base 9
30
73 (base 15) to base 16
6c
Convert -160 (base 15) to base 13.
-1b3
Convert 16 (base 15) to base 2.
10101
3 (base 6) to base 14
3
Convert 21 (base 5) to base 13.
b
Convert -112 (base 7) to base 14.
-42
What is 30 (base 8) in base 15?
19
Convert 11302 (base 4) to base 6.
1414
-45 (base 10) to base 7
-63
Convert 10000 (base 2) to base 11.
15
What is 0 (base 2) in base 7?
0
25 (base 13) to base 11
29
What is -1204 (base 5) in base 15?
-be
What is -1 (base 11) in base 5?
-1
-21 (base 13) to base 4
-123
Convert 3 (base 16) to base 11.
3
Convert 4 (base 6) to base 3.
11
-c2 (base 14) to base 11
-145
What is -32 (base 4) in base 7?
-20
What is 3 (base 16) in base 2?
11
Convert 2 (base 8) to base 16.
2
What is 178 (base 11) in base 9?
248
What is 1000 (base 3) in base 16?
1b
2 (base 16) to base 12
2
10 (base 4) to base 10
4
What is 8 (base 15) in base 4?
20
24 (base 10) to base 11
22
What is -1101 (base 2) in base 7?
-16
23 (base 11) to base 9
27
What is -47 (base 9) in base 6?
-111
-1 (base 12) to base 2
-1
What is 11 (base 11) in base 8?
14
Convert 0 (base 10) to base 7.
0
Convert -2 (base 4) to base 7.
-2
-1 (base 4) to base 14
-1
-13 (base 14) to base 7
-23
What is -c (base 13) in base 4?
-30
Convert -13 (base 5) to base 16.
-8
a6 (base 16) to base 6
434
1110 (base 3) to base 6
103
Convert 164 (base 8) to base 9.
138
1a (base 15) to base 6
41
-202 (base 6) to base 4
-1022
3 (base 9) to base 15
3
Convert 2 (base 16) to base 6.
2
Convert 10 (base 13) to base 12.
11
Convert 3 (base 13) to base 5.
3
Convert 17 (base 16) to base 10.
23
-11 (base 9) to base 14
-a
Convert 0 (base 9) to base 13.
0
Convert 23 (base 6) to base 10.
15
56 (base 14) to base 8
114
What is -1001 (base 2) in base 14?
-9
Convert -3 (base 7) to base 2.
-11
What is -405 (base 6) in base 11?
-126
Convert -1 (base 15) to base 4.
-1
Convert 13 (base 12) to base 15.
10
-10 (base 2) to base 6
-2
What is 6 (base 16) in base 10?
6
-11010 (base 2) to base 10
-26
-120 (base 3) to base 8
-17
Convert 4 (base 7) to base 2.
100
What is -202 (base 7) in base 13?
-79
Convert -134 (base 9) to base 12.
-94
Convert -3 (base 13) to base 16.
-3
What is 1023 (base 4) in base 16?
4b
Convert 5 (base 7) to base 2.
101
10 (base 2) to base 6
2
Convert 27 (base 9) to base 2.
11001
What is -60 (base 11) in base 13?
-51
162 (base 9) to base 15
92
What is 212 (base 3) in base 7?
32
-11 (base 8) to base 4
-21
What is -21 (base 3) in base 13?
-7
What is 7 (base 12) in base 15?
7
Convert 0 (base 10) to base 14.
0
Convert -a (base 13) to base 3.
-101
Convert 45 (base 12) to base 4.
311
11 (base 12) to base 3
111
-1 (base 8) to base 4
-1
100010110 (base 2) to base 9
338
What is 134 (base 9) in base 14?
80
16 (base 8) to base 7
20
Convert -11 (base 11) to base 5.
-22
-21 (base 7) to base 8
-17
Convert 14 (base 14) to base 13.
15
What is 212 (base 13) in base 4?
11201
-1 (base 6) to base 14
-1
Convert -103 (base 4) to base 14.
-15
-2202 (base 3) to base 14
-54
What is -2 (base 4) in base 13?
-2
What is -1 (base 2) in base 8?
-1
-116 (base 8) to base 3
-2220
10 (base 7) to base 15
7
-111011 (base 3) to base 15
-18a
Convert 104 (base 8) to base 2.
1000100
-6 (base 13) to base 12
-6
Convert -2 (base 11) to base 14.
-2
Convert -10 (base 7) to base 2.
-111
What is -11 (base 3) in base 16?
-4
What is -1 (base 4) in base 13?
-1
What is -72 (base 10) in base 12?
-60
Convert 0 (base 11) to base 2.
0
-5 (base 14) to base 3
-12
What is -21 (base 11) in base 5?
-43
231 (base 4) to base 13
36
What is 333 (base 5) in base 16?
5d
Convert 15 (base 9) to base 4.
32
What is 11122 (base 3) in base 5?
1000
What is -15 (base 8) in base 15?
-d
What is -11 (base 14) in base 8?
-17
-1301 (base 4) to base 2
-1110001
0 (base 2) to base 10
0
Convert 1040 (base 5) to base 11.
122
Convert -2 (base 14) to base 12.
-2
What is 5 (base 12) in base 11?
5
-104 (base 5) to base 4
-131
Convert -4 (base 11) to base 3.
-11
d (base 16) to base 5
23
What is 22022 (base 3) in base 8?
340
What is -4 (base 6) in base 14?
-4
-212 (base 3) to base 7
-32
0 (base 13) to base 12
0
-3 (base 16) to base 7
-3
Convert 7 (base 16) to base 8.
7
Convert -42 (base 5) to base 6.
-34
7 (base 11) to base 9
7
What is 2 (base 6) in base 7?
2
What is 21 (base 5) in base 16?
b
-3 (base 7) to base 4
-3
Convert -5 (base 8) to base 14.
-5
Convert -46 (base 12) to base 16.
-36
What is -11 (base 2) in base 6?
-3
What is -1 (base 15) in base 11?
-1
Convert 1244 (base 5) to base 9.
241
What is -a (base 12) in base 2?
-1010
What is 2 (base 9) in base 5?
2
What is 562 (base 8) in base 15?
19a
What is -11 (base 11) in base 4?
-30
What is aa (base 11) in base 13?
93
Convert 2b (base 15) to base 9.
45
What is 7 (base 11) in base 6?
11
Convert 3 (base 12) to base 2.
11
What is 10 (base 9) in base 4?
21
Convert -1302 (base 4) to base 11.
-a4
3 (base 8) to base 11
3
11 (base 6) to base 15
7
-1a (base 13) to base 12
-1b
What is 10 (base 3) in base 5?
3
What is 1 (base 11) in base 4?
1
What is -42 (base 8) in base 16?
-22
10 (base 5) to base 2
101
16 (base 10) to base 8
20
Convert -2b (base 13) to base 9.
-41
Convert 13 (base 7) to base 16.
a
Convert -1 (base 9) to base 14.
-1
-24 (base 5) to base 8
-16
What is -70 (base 12) in base 2?
-1010100
Convert 3 (base 11) to base 13.
3
44 (base 14) to base 6
140
What is -cb (base 14) in base 13?
-10a
-2b (base 14) to base 16
-27
What is 28 (base 11) in base 14?
22
What is 241 (base 7) in base 5?
1002
What is -4 (base 13) in base 6?
-4
11 (base 2) to base 4
3
Convert 10 (base 10) to base 5.
20
Convert 125 (base 8) to base 3.
10011
126 (base 8) to base 7
152
What is 4 (base 6) in base 7?
4
What is -30 (base 7) in base 15?
-16
-27 (base 9) to base 7
-34
-2 (base 8) to base 15
-2
What is 22 (base 3) in base 8?
10
Convert 39 (base 15) to base 8.
66
What is -2 (base 11) in base 7?
-2
What is 1 (base 14) in base 16?
1
What is 3 (base 10) in base 4?
3
Convert -52 (base 8) to base 13.
-33
What is 20 (base 11) in base 5?
42
Convert 1 (base 10) to base 15.
1
What is -101111 (base 2) in base 8?
-57
Convert -6 (base 15) to base 6.
-10
224 (base 11) to base 14
152
What is -68 (base 12) in base 10?
-80
11 (base 2) to base 11
3
10 (base 13) to base 15
d
-6 (base 10) to base 8
-6
-5 (base 8) to base 7
-5
What is 350 (base 7) in base 6?
502
Convert a (base 15) to base 2.
1010
What is b4 (base 15) in base 9?
207
Convert -a8 (base 15) to base 8.
-236
Convert 20 (base 4) to base 14.
8
ca (base 13) to base 7
325
What is 3 (base 12) in base 10?
3
Convert 3 (base 16) to base 15.
3
20 (base 15) to base 10
30
Convert 230 (base 4) to base 5.
134
156 (base 7) to base 9
110
40 (base 8) to base 13
26
3 (base 10) to base 4
3
Convert 95 (base 15) to base 11.
118
Convert 7 (base 16) to base 8.
7
Convert 1 (base 9) to base 12.
1
What is -9 (base 12) in base 15?
-9
Convert -312 (base 6) to base 3.
-11022
Convert 64 (base 14) to base 4.
1120
Convert e8 (base 16) to base 11.
1a1
Convert -140 (base 5) to base 7.
-63
Convert 0 (base 5) to base 2.
0
-10 (base 2) to base 4
-2
What is -10 (base 5) in base 11?
-5
Convert 2 (base 11) to base 10.
2
What is 0 (base 10) in bas